k = -3*f + y. What is the units digit of k?
3
Suppose 132*f - 90*f - 167520 = 418758. What is the hundreds digit of f?
9
Suppose 5*w = -5*g + 30, 0*w = -4*w + 16. Suppose -4*c + 60 = -g*c. Suppose c*k = 25*k + 30. What is the units digit of k?
6
Suppose -37*p = 26*p - 24*p - 184938. What is the units digit of p?
2
Suppose 0*y + 10 = -4*q + y, -3*q + y = 8. Let u(w) = 45*w**2 - w + 2. Let l be u(q). Suppose 3*m = 7*m - l. What is the tens digit of m?
4
Suppose 80 = -7*g + 11*g. Suppose g*f - 3592 = 12*f. What is the hundreds digit of f?
4
Suppose -5*a = 5*d - 1125 - 230, 271 = d - 4*a. Let b be ((-4 - 9) + 1)/((-3)/(-26)). Let l = d + b. What is the tens digit of l?
6
Suppose -700*y = -696*y - 3*f - 241667, 0 = -2*y + 3*f + 120847. What is the ten thousands digit of y?
6
Let w(k) = k**3 + 5*k**2 - 10*k - 22. Let p be w(-6). Suppose -7*r + p*r = v - 692, -9 = 3*v. What is the units digit of r?
9
Let n be (-328)/(-6) - 2/3. Let c = -35 + 40. Suppose 0 = d + c*d - n. What is the units digit of d?
9
Suppose 2*c = 3*r - 136404, -55*c + 50*c + 15 = 0. What is the units digit of r?
0
Let t(k) = -255*k - 677. What is the hundreds digit of t(-17)?
6
What is the units digit of 2451 + (7 - (-72)/12)?
4
Let p be (-4)/(-34) + (-6224)/(-272). Suppose r = -3*x + p, -2*r - 33 = -3*r - x. Suppose -w = w - r. What is the tens digit of w?
1
Let h(l) = 7*l + 10*l - 50 + 4 + 1 - 22. Let x(p) = -14*p + 1. Let i be x(-1). What is the hundreds digit of h(i)?
1
Let p(w) = -100*w + 2572. What is the tens digit of p(-49)?
7
Let x(q) = 840*q + 749. What is the thousands digit of x(6)?
5
Suppose s + 55 = 2*s - 4*f, -4*s + 4*f + 244 = 0. What is the units digit of (-2 - s/(-12))*(46 - 2)?
3
Let a(l) = -237*l - 66. What is the units digit of a(-35)?
9
Let r = -1802 - -5458. What is the units digit of r?
6
Let a be 82501/(-184) - 6/(-16). Let s = a - -829. What is the tens digit of s?
8
What is the hundreds digit of 6/4*(26 + 2067240/63)?
2
Suppose 26 = 2*p - 38. Suppose p*v = 36*v - 184. Let i = 79 - v. What is the tens digit of i?
3
Suppose 3*u - 6657 = -3*d - 1173, 4*d - 5485 = -3*u. What is the tens digit of u?
2
Suppose 3*d - 56 = -2*j - 2*j, -4*d = 2*j - 88. Suppose d = n - 4. What is the units digit of 42/n*(0 - -18)?
7
Let i(j) = j**3 + 3*j**2 + 2*j + 17. Let b(z) = z - 10. Let l be b(10). What is the tens digit of i(l)?
1
Let n be (8 + -3)*16/20. Suppose 1163 = 4*r - 3*u - 411, 2*r = -n*u + 798. What is the hundreds digit of r?
3
Suppose 6*f - 22 + 10 = 0. Suppose 0*l = -f*l + 550. Suppose -2*v = -k - 245, -v + l = v + 5*k. What is the units digit of v?
5
Let d = 81472 - 15803. What is the thousands digit of d?
5
Let o(b) = -3*b**3 - 11*b**2 - 11*b - 104. Suppose 0 = 4*x - 828 + 860. What is the tens digit of o(x)?
1
Suppose -3*v - 2*g = -53855, 6*v - 2*v + 4*g - 71808 = 0. Suppose -11*w = 4465 - v. What is the hundreds digit of w?
2
Let z be (-38)/12 + -3 + 11/66. Let t(m) = 23*m**2 + 6*m - 30. What is the tens digit of t(z)?
6
Suppose 4 = -l, -3*l = -2*g + l + 22. Let z be (4/(48/(-18)))/((-2)/4). Suppose -w = g*r - 156, -z*w = -3*r - 2*r + 260. What is the tens digit of r?
5
Suppose 57826 = -36*y + 192430. What is the hundreds digit of y?
7
Suppose 19*c = 10*c + 7299. Suppose 31 = -4*q + c. What is the tens digit of q?
9
Suppose 412*s - 259*s = -918. Let u(r) = -11*r**2 - 21*r - 11. Let g(n) = 12*n**2 + 22*n + 12. Let v(w) = -5*g(w) - 6*u(w). What is the units digit of v(s)?
6
Let m(h) = -10*h - 12. Let v be m(-2). Suppose -v*a = -a - 2611. What is the hundreds digit of a?
3
What is the hundreds digit of 12162/(5 - 14*12/42)?
1
Let g = 3564 - 2718. What is the tens digit of g?
4
Suppose b - 5*d - 8483 = 5959, 0 = 6*b + 3*d - 86454. What is the units digit of b?
2
Suppose 109*x + 15312 = 133*x. What is the tens digit of x?
3
Suppose -4*p + 5*m + 11377 = 0, -3*p + 44*m = 47*m - 8553. What is the thousands digit of p?
2
What is the tens digit of 4997288/602 + 3/(-21)?
0
What is the tens digit of (-26)/(-18) + 220/(-495) + 71651?
5
Let h = 13305 + -7190. What is the tens digit of h?
1
Let r(p) = 11*p**3 - 3*p**2 - 3*p. Let k be r(-1). What is the hundreds digit of 2/8 + (154638/(-24))/k?
5
Suppose 6*f - 710 = 100. What is the tens digit of ((-528)/30)/((-6)/f)?
9
Suppose 0 = -9*c + 54014 - 15656. What is the tens digit of c?
6
Suppose 108*c - 478690 = -9106. What is the units digit of c?
8
Suppose 4*u - 40657 - 26034 = d, 5*u - 83320 = -5*d. What is the hundreds digit of u?
6
Suppose -22*f + 285626 + 61110 = -79888. What is the units digit of f?
2
Let s be -4 - 272/(-72) - (-3074)/(-18). Let c be ((-38)/s)/((-2)/(-18)). Let q(o) = 72*o. What is the tens digit of q(c)?
4
Let c(i) = -2*i**2 - 10*i + 475. Let b be c(-18). Let y(n) be the third derivative of n**4/12 + 31*n**3/6 - n**2. What is the tens digit of y(b)?
4
Suppose -2*o + 86 = -34. Suppose 0 = u - 23 - o. Let p = -9 + u. What is the units digit of p?
4
Suppose 0 = -14*x + 19*x - 15. Let m be (22/6)/(1/x). Suppose -3*r = -m*r + 160. What is the tens digit of r?
2
Suppose -370 = 3*s + 2*i - 1007, -1066 = -5*s + i. Let d = s + 19. What is the tens digit of d?
3
Suppose -57490 - 16259 = 2*s - 95*s. What is the tens digit of s?
9
Let z = 163 - 151. What is the hundreds digit of (z/18 - 0)/(2/2355)?
7
Let p = -175 + -38. Let d = p - -798. Suppose v + v + 435 = 3*q, 0 = 4*q - v - d. What is the units digit of q?
7
Let a(n) be the third derivative of n**5/20 + 3*n**3/2 + 118*n**2 + 2. What is the tens digit of a(3)?
3
Let k be 93 - 1/((-6)/30). Let u = -99 + k. Let d = u - -124. What is the tens digit of d?
2
Let l(v) = -3*v**2 + 8*v + 17. Let g = -375 - -379. What is the units digit of l(g)?
1
Let k = 159 - 156. Suppose -k*x + 8*x + 4*w = 2303, -5*w = 5*x - 2300. What is the units digit of x?
3
Suppose 0 = -10*c + 14*c + 16. Let i be ((-577)/4)/(c + (-15)/(-4)). Suppose -i = 7*s - 1844. What is the hundreds digit of s?
1
Let o = -251 - -395. Let r = o - 91. Suppose r = -6*f + 521. What is the tens digit of f?
7
Let d be -1*(-1688)/(-6)*60/(-40). Suppose 16*x = 1334 - d. What is the units digit of x?
7
Let x(r) = -r**2 - 8*r + 35. Let o be x(3). Suppose -o*a + m + 170 = a, a = -2*m + 52. What is the units digit of a?
6
Suppose 2*t - 2*s = 62752, 709 = s + 712. What is the thousands digit of t?
1
What is the tens digit of 25*2/(-10) + 4506?
0
Let n(l) = 6*l + 10. Let m be n(0). Suppose 1148 = 2*y - 4*t, -23*t + m = -21*t. What is the units digit of y?
4
Let g(q) = q**3 + 8*q**2 + 2*q. Let b be g(-7). Suppose 7*k = 70 + b. Suppose -k*z = -13*z - 198. What is the units digit of z?
9
Suppose 10*p + 40*p - 5575 = 225. What is the units digit of p?
6
Let z = -42 - -48. Let j(h) = 99*h - 14. Let y be j(z). Suppose -812 = -8*b + y. What is the units digit of b?
4
Let f(c) = 393*c**2 - 9*c - 5. Let v = 636 + -638. What is the hundreds digit of f(v)?
5
Suppose 4*v = q + 181237, 3*v - 2*q - 225439 = -89510. What is the ten thousands digit of v?
4
Suppose -6*o + 4*o = -2*d - 25198, -5*o + 12595 = -d. What is the hundreds digit of d/(-65) + 7/((-273)/(-6))?
1
Let q = -183 + 185. Suppose 0 = q*t + 8, -5*p - t - 651 = -2357. What is the units digit of p?
2
What is the ten thousands digit of 378/14 + -32 - (-160482)/2?
8
Let d(i) = 348*i**2 - 16*i - 21. What is the thousands digit of d(6)?
2
Let r(w) be the first derivative of w**4/2 + 2*w**3/3 + w**2 + 56. Suppose -t = 3*t - 12. What is the tens digit of r(t)?
7
Let q(t) = 6051*t**3 - 138*t + 138. What is the hundreds digit of q(1)?
0
Let c(w) = 2*w**2 - 54*w + 468. What is the units digit of c(90)?
8
Let o(b) = b**3 - 25*b**2 + 64*b - 95. What is the hundreds digit of o(28)?
0
Suppose -35*y + 55333 = -57612. What is the units digit of y?
7
Let h = 3407 - -6551. What is the tens digit of h?
5
Suppose 5*m - 58*f - 7779 = -61*f, 5*m - 7777 = -4*f. What is the units digit of m?
7
Suppose 26*x - 30 = 21*x. Suppose -d + 328 = -7*j + 6*j, -3*j - x = 0. What is the hundreds digit of d?
3
Let n be ((-56)/12 - -4)/((-5)/2490). Let y = n - 254. What is the tens digit of y?
7
Let z be (3 + (3 - 7))/(1/(-7)). Suppose -4*k + 1574 = -2*g, 4*g - z*g = -k + 391. What is the units digit of k?
4
Let i(g) = g**3 + 3*g. Let k be i(0). Suppose k = 4*c - 57 + 241. Let n = c + 50. What is the units d